et f(i) = 7*i + 11. Let x(q) = 2*q + 3. Let s(o) = 6*f(o) - 22*x(o). Suppose -2*p = p + 6. Determine s(p).
4
Suppose 4*u = 6*u. Let g(y) = -y - 26. Give g(u).
-26
Let m(n) = -n + 1. Suppose -w + 3*w + 3*b - 39 = 0, b = 2*w - 27. Suppose 0*q + w = 5*q. Calculate m(q).
-2
Let s be (-2 - 8)*1/(-2). Let b(a) = -6*a + 0*a + 1 + s*a - 5. Give b(-4).
0
Suppose -12 = 2*a - 4*a. Let w(o) = o**3 - 5*o**2 - 8*o + 3. Determine w(a).
-9
Let u(m) = 2*m - 4. Let v(c) = -1. Let w(x) = -u(x) + 4*v(x). Suppose -r + z = -8, 6*r = 2*r - 4*z - 8. What is w(r)?
-6
Let u = -4 - -9. Let r(a) = a**2 + 5*a + 6. Let x(k) = k**2. Let f(g) = -r(g) + 2*x(g). Give f(u).
-6
Let h(u) = u**2 + 6*u + 5. Suppose -3*l = -5*b + 35, 3*b = 5*l + 4*b + 49. Let y = 4 + l. Calculate h(y).
5
Suppose q = -2 + 5. Let y(x) be the first derivative of -2*x - 1/2*x**2 - q. Give y(-2).
0
Suppose 2*z + 4*k = 20, k = -3*z + 2*k + 2. Let b(h) be the first derivative of -2 + 1/2*h**z + 2*h. Calculate b(3).
5
Let j(p) = -2*p. Suppose 3*d - d - 1 = 3*k, 4*k + d = 17. Calculate j(k).
-6
Let x(p) = -10 + 20 - 12 - 3*p. Give x(2).
-8
Let i(s) = 2 - 2*s - 13 + 4 - 2*s**2 + 6. What is i(-3)?
-13
Let p(t) = -t**2 - 2. Let q(j) = -j**2 - j - 2. Let b(l) = 7*p(l) - 6*q(l). Determine b(4).
6
Let a(v) = 8*v**2 - 5*v + 10. Let t(s) = -23*s**2 + 15*s - 29. Let n(c) = 17*a(c) + 6*t(c). Suppose 0 = -13*o + 22*o - 27. Give n(o).
-7
Let w be 5/(-2)*(-42)/(-15). Let a(p) = p**2 + 4*p - 9. Calculate a(w).
12
Let m(u) be the first derivative of -u**2/2 + u + 4. Give m(-3).
4
Let j(z) be the first derivative of -1/2*z**2 + 1 - 7*z. Let h = -1 - -1. What is j(h)?
-7
Suppose 0 = 2*p - 4*f + 4, -4*p + 5*f = -9*p - 10. Let i = 5 + -2. Let r(o) = -5 - 1 - o + i. Give r(p).
-1
Let d(a) = -a - 1. Let z(h) = -h**2 - 4*h - 1. Let x be z(-2). Suppose 9*g + 3*o - 6 = 4*g, o - 2 = x*g. Calculate d(g).
-1
Let s(q) = 2*q**3 + 4*q**2 + 0*q**3 - 3*q**3 + 5. Let h be (-13)/(-5) - (-2)/5. Let v = h - -1. Calculate s(v).
5
Let g(u) = -u**2 + 9. Let w be (-77)/(-14) - 1/2. Suppose -y - a = y + w, 0 = a + 5. Calculate g(y).
9
Let m(n) = -n**2 - 25. Let a be (-3 - -3)*1/(-4). Give m(a).
-25
Let f(v) = -v + 4. Suppose -21*g = -30*g + 72. Give f(g).
-4
Suppose 4*u + 3*u = 7. Let j(o) = -4*o**3 - o. Determine j(u).
-5
Let i(p) be the first derivative of -5*p**3/3 - p**2 - p - 5. What is i(-1)?
-4
Let c = 111 - 111. Let i = 9 - 6. Let p(q) = 7 - i - q + 2. Determine p(c).
6
Suppose 36 - 6 = 5*h - 5*r, 0 = -h - 2*r + 3. Let m(a) = a**3 - 4*a**2 - 6*a - 4. Determine m(h).
-9
Let f(r) = 2*r. Let v be (-4)/(-14) + 2/(-7). Suppose v*m + 3*m - 15 = 4*d, d = -3*m. What is f(m)?
2
Let t(p) be the third derivative of -5*p**4/12 - 7*p**3/6 - 3*p**2. Let b(j) = 20*j + 15. Let n(c) = -6*b(c) - 13*t(c). Give n(1).
11
Let x be (-20)/(-14)*(-28)/(-8). Let d(f) = -f**3 + 3*f**2 + 6*f + 3. Determine d(x).
-17
Suppose 2*s + 5 = -3. Let b be (2/(s/(-10)))/1. Let p(a) = -a**2 + 6*a - 7. Give p(b).
-2
Let h(x) be the second derivative of -x**3/3 - x**2/2 - x. Suppose 5*s + 15 = 5*j, 2*s = -3*j + 7*j. Let a be s/4*12/9. Determine h(a).
3
Let i = -1 + 4. Suppose 0 = -4*t + 8, 0 = -3*b + 6*b + 3*t - 12. Let r(z) = 0*z + b*z - 4*z. Calculate r(i).
-6
Let k be 14/(-5) + (-3)/15. Let y(h) = 2*h**2 + 3*h - 2. Calculate y(k).
7
Let w(h) = -3*h + 4*h - 13*h**3 + 240*h**2 - 239*h**2. Calculate w(-1).
13
Let y(c) = c**3 - 3*c**2 + 3*c - 3. Let f be 1/2 - (-25)/10. Give y(f).
6
Let x(q) = -3*q + 43. Let y be x(13). Let a(r) = 2*r**3 - 3*r**3 - 4*r - 4*r**2 + 2*r**3. Give a(y).
-16
Let g(z) = -z**3 + 3*z**2 - 2*z + 3. Suppose 3*y - 40 = -5*k + 2, 3*k = 0. Suppose -4*l - 3*d + y = -7, 4*l = 4*d. Calculate g(l).
-3
Let r be 4 + 2 + -1 + -5. Let n(b) = -b**3 - b**2 - b + 3. Calculate n(r).
3
Suppose -2*r = -r + 5. Let l(v) = -3 - 3*v**2 - 7*v**3 + 6*v**3 - 2*v**2 + 6. What is l(r)?
3
Let f(j) = -j**3 - 6*j**2 - 2*j + 3. Suppose o - 20 = 4*i - 4, 9 = -5*i + 4*o. Calculate f(i).
-12
Let z(q) = q**3 + q**2 + 2*q + 2. Let v be z(0). Let b(c) be the second derivative of 0 - v*c - c**2 - 1/6*c**3. What is b(2)?
-4
Suppose -m + 5 = d, -4 = d + 4*m - 6. Let f(b) = b**3 - 6*b**2 + 2*b - 7. Give f(d).
5
Let s(g) = g**3 + 6*g**2 + 4*g - 3. Let y be (-2)/((3/(-15))/(1/(-2))). Calculate s(y).
2
Suppose 23 = -5*r + 8. Let b(f) = -2*f + 0*f**2 + 0 - f**2 - 3. Determine b(r).
-6
Suppose 5*j - 2*q = 23, -5*q + 1 = -4. Let p(x) be the third derivative of x**4/24 - 7*x**2. Calculate p(j).
5
Let g(r) = r - 7. Let z(x) = 2*x - 8. Suppose -5*k + 4*k - 5*b = 17, -2*k - 2 = 2*b. Let n(y) = k*g(y) - 2*z(y). Give n(-6).
1
Let q(v) = -v**2 + 6*v + 1. Suppose -5*o = -3*l - 4, 0 = 4*o - 24 + 4. What is q(l)?
-6
Let n(i) = -i**3 - 6*i**2 + 7*i + 3. Let h be n(-7). Suppose -13 = h*u + 5*f, 0*f + f = -2. Let a(b) = b**2 - b - 1. Calculate a(u).
1
Let x be (-18)/(-10) + 2/10. Let i(s) be the first derivative of -4*s - 1/3*s**3 - 5/2*s**x + 1. Calculate i(-4).
0
Let h(t) = t + 2. Let v be (-4 + (-8 - -4))*(-2)/(-4). Give h(v).
-2
Suppose 0 = 2*f - 5*f + 9. Let i be (f - 2)*(4 + -1). Let z(c) = 2*c - i*c - 2*c + 4*c - 7. Give z(5).
-2
Let q(d) be the first derivative of -d**3/2 - d**2 + 2*d - 2. Let r(i) be the first derivative of q(i). Give r(-2).
4
Let s(f) = -f**2 - 6*f - 4. Suppose 55 = 3*d - 3*l + 22, 5*d + 5*l = 75. Suppose 7 = -4*t - d. What is s(t)?
1
Suppose 0 = -4*y, -b + 6*y - 2*y = -5. Let s(n) = n**3 - 4*n**2 - 7*n + 2. Give s(b).
-8
Let j(v) = -v**3 - 6*v**2 + v + 1. Suppose b = -4*q + 6, 3*q = -0*b + b - 27. Suppose 2*g = -b + 6. What is j(g)?
-5
Suppose 2*n + 3 + 3 = 0. Let h(v) = v**3 + 2*v**2 - 3*v + 2. Let d be h(n). Let w(p) = 5*p - p**d + 2*p - 4 - 2*p. What is w(3)?
2
Let i(x) be the first derivative of -5*x + 1/4*x**4 - 1/2*x**2 + 2*x**3 + 3. Suppose -4*u - d = 26, 6*d - 6 = 2*u + 3*d. Calculate i(u).
1
Let z(f) = -f**2 + 4*f + 2. Let u(k) = -k**2 + 9*k - 4. Let o be u(8). Let j be z(o). Let l(b) = -3 + 3 + b**3 + j*b**2. Calculate l(-2).
0
Let h(x) = x**2 - x + 10. Let j be h(0). Let v(a) = j + a - 6 - 4. Calculate v(-6).
-6
Let n(h) = -1 + 5*h**2 - 4*h + 0 - 4 + 24*h**3 - 25*h**3. Let v be (-4)/(-6) + (-10)/(-3). Determine n(v).
-5
Let t be (-2)/((8/3)/4). Let k be (-16)/(-6) + (-1)/t. Let s(c) = -c**3 - 4*c**k + 6*c**3 + c**2 - 2. Calculate s(0).
-2
Let c(s) be the first derivative of -s**4/4 + 5*s**3/3 + 3*s**2 - 8*s - 3. Calculate c(6).
-8
Let q(x) = x**3 - 2*x**2 + 5*x - 1. Let k(g) = g**3 + g + 1. Let i(t) = -2*k(t) + q(t). Let c = -9 - -6. Give i(c).
-3
Suppose -v + 2 = -4. Let q = 10 - v. Let x(c) = -7 - q*c**2 + 5*c**2 + 4*c - 8*c. Calculate x(6).
5
Let c(f) = -f**2 + 4*f - 3. Let z(s) = -s - 3. Let d be z(13). Let p = d + 19. Determine c(p).
0
Let m be 1*2*(0 + 2). Let d = 1 + 2. Let p(b) = -3*b**2 + 5 - 3*b**3 - b**d + 5*b**3 - 6*b. What is p(m)?
-3
Suppose -20*n - 88 = 2*n. Let t(g) = -g**3 - 4*g**2 + 5*g - 3. Determine t(n).
-23
Suppose 0 = -0*z - 2*z. Suppose 2*s = -z*s + 2. Let j(k) = 3*k - 2*k + 5*k**3 - s - 3*k. What is j(-1)?
-4
Let k(m) = -m**3 - 3*m**2 + 2*m + 3. Suppose 0 = 2*b + 2*h + 10 + 12, -5*h = 2*b + 19. Let p = b + 10. Determine k(p).
-5
Let y(u) be the second derivative of -u**3/6 + 3*u**2/2 - 14*u. Give y(7).
-4
Let u(c) = c**2 + c - 1. Let a = -32 + 30. Determine u(a).
1
Let n = -3 + 5. Let q be ((-3)/6)/(n/12). Let p(j) = -j - 1. Determine p(q).
2
Let n(c) = -3 - 4*c - 1 + c. Let z be (-6)/(-9)*(-24)/(-4). Let s be z/10 + (-17)/5. What is n(s)?
5
Let u(p) = -5*p**2 - 6 + 5*p**3 - 7*p**3 + 3*p**3. What is u(5)?
-6
Let r(j) = -j + 1. Let f = 15 - 9. Let v = f + -11. Let h(q) = q**3 + 4*q**2 - 5*q + 5. Let u be h(v). What is r(u)?
-4
Let o(a) be the third derivative of -a**2 - 2/3*a**3 + 0*a + 0 + 1/6*a**4 + 1/60*a**5. Suppose 8*q - 10*q - 8 = 0. What is o(q)?
-4
Suppose 12 = 6*n - 6. Let d(m) = -m**2 + 4*m - 2. Determine d(n).
1
Let k(b) be the second derivative of -b**3/6 + 3*b**2/2 - 7*b. Give k(0).
3
Let d(y) = 2*y**3 + 2*y**2 + 2*y - 2. Let a(f) = -2*f - 2. Let v be a(6). Let x(p) = p**3 + p**2 + p - 1. Let k(n) = v*x(n) + 6*d(n). Give k(-2).
14
Let j be (4/8)/((-6 + 2)/(-16)). Let r(l) be the second derivative of l**4/6 - l**3/3 - l**2/2 - 2*l. Give r(j).
3
Let x(w) be the first derivative of -w**3/3 - 2*w**2 - 4*w + 20. Suppose 3*m + a = -0*a - 14, -